{"id":2,"date":"2016-05-10T03:48:21","date_gmt":"2016-05-10T03:48:21","guid":{"rendered":"http:\/\/inseleck.de\/?page_id=2"},"modified":"2020-06-26T14:52:20","modified_gmt":"2020-06-26T14:52:20","slug":"sample-page","status":"publish","type":"page","link":"https:\/\/inseleck.de\/?page_id=2","title":{"rendered":"Herzlich Willkommen"},"content":{"rendered":"\n<h2 class=\"wp-block-heading\">Liebe G\u00e4ste<\/h2>\n\n\n<div>\u00a0<\/div>\n<div>\u00a0<\/div>\n<div>Wir begr\u00fc\u00dfen Sie rechtherzlich im Insel-Eck<\/div>\n<div>Wir bieten Ihnen eine kleine aber feine Auswahl an Speisen und Getr\u00e4nke an.<\/div>\n<div>Nur bei uns gibt es Fr\u00fch K\u00f6lsch vom Fass .<\/div>\n<div>F\u00fcr Veranstaltungen aller Art stehe ich Ihnen gerne zur Verf\u00fcgung.<\/div>\n<div>\u00a0<\/div>\n<p>\u00a0<\/p>\n\n\n<pre class=\"wp-block-verse\">Norbert Leege<\/pre>\n","protected":false},"excerpt":{"rendered":"<p>Liebe G\u00e4ste \u00a0 \u00a0 Wir begr\u00fc\u00dfen Sie rechtherzlich im Insel-Eck Wir bieten Ihnen eine kleine aber feine Auswahl an Speisen und Getr\u00e4nke an. Nur bei uns gibt es Fr\u00fch K\u00f6lsch vom Fass . F\u00fcr Veranstaltungen aller Art stehe ich Ihnen gerne zur Verf\u00fcgung. \u00a0 \u00a0 Norbert Leege<\/p>\n","protected":false},"author":1,"featured_media":0,"parent":0,"menu_order":0,"comment_status":"closed","ping_status":"open","template":"","meta":{"footnotes":""},"class_list":["post-2","page","type-page","status-publish","hentry"],"_links":{"self":[{"href":"https:\/\/inseleck.de\/index.php?rest_route=\/wp\/v2\/pages\/2","targetHints":{"allow":["GET"]}}],"collection":[{"href":"https:\/\/inseleck.de\/index.php?rest_route=\/wp\/v2\/pages"}],"about":[{"href":"https:\/\/inseleck.de\/index.php?rest_route=\/wp\/v2\/types\/page"}],"author":[{"embeddable":true,"href":"https:\/\/inseleck.de\/index.php?rest_route=\/wp\/v2\/users\/1"}],"replies":[{"embeddable":true,"href":"https:\/\/inseleck.de\/index.php?rest_route=%2Fwp%2Fv2%2Fcomments&post=2"}],"version-history":[{"count":5,"href":"https:\/\/inseleck.de\/index.php?rest_route=\/wp\/v2\/pages\/2\/revisions"}],"predecessor-version":[{"id":89,"href":"https:\/\/inseleck.de\/index.php?rest_route=\/wp\/v2\/pages\/2\/revisions\/89"}],"wp:attachment":[{"href":"https:\/\/inseleck.de\/index.php?rest_route=%2Fwp%2Fv2%2Fmedia&parent=2"}],"curies":[{"name":"wp","href":"https:\/\/api.w.org\/{rel}","templated":true}]}}